{"id":30,"date":"2019-10-15T13:48:34","date_gmt":"2019-10-15T13:48:34","guid":{"rendered":"http:\/\/www.munkavedelem-elelmiszeresital.hu\/?page_id=30"},"modified":"2020-02-13T08:28:53","modified_gmt":"2020-02-13T08:28:53","slug":"szakerto-valaszol","status":"publish","type":"page","link":"https:\/\/www.munkavedelem-elelmiszeresital.hu\/index.php\/szakerto-valaszol\/","title":{"rendered":"Szak\u00e9rt\u0151 v\u00e1laszol"},"content":{"rendered":"<article id=\"post-92\" class=\"post-92 page type-page status-publish hentry\">\n<div class=\"entry-content\">\n<p style=\"text-align: justify;\">Amennyiben k\u00e9rd\u00e9se, vagy \u00e9szrev\u00e9tele lenne a munkav\u00e9delemmel vagy honlapunkkal kapcsolatban, k\u00e9rj\u00fck, hogy a lenti mez\u0151k kit\u00f6lt\u00e9s\u00e9vel k\u00fcldje el nek\u00fcnk. Szak\u00e9rt\u0151nk a lehet\u0151 leghamarabb v\u00e1laszol k\u00e9rd\u00e9s\u00e9re.<\/p>\n<\/div>\n<\/article>\n<div id=\"comments\" class=\"comments-area\"><\/div>\n","protected":false},"excerpt":{"rendered":"<p>Amennyiben k\u00e9rd\u00e9se, vagy \u00e9szrev\u00e9tele lenne a munkav\u00e9delemmel vagy honlapunkkal kapcsolatban, k\u00e9rj\u00fck, hogy a lenti mez\u0151k kit\u00f6lt\u00e9s\u00e9vel k\u00fcldje el nek\u00fcnk. Szak\u00e9rt\u0151nk a lehet\u0151 leghamarabb v\u00e1laszol k\u00e9rd\u00e9s\u00e9re.<\/p>\n","protected":false},"author":1,"featured_media":0,"parent":0,"menu_order":0,"comment_status":"open","ping_status":"closed","template":"","meta":{"footnotes":""},"class_list":["post-30","page","type-page","status-publish","hentry"],"_links":{"self":[{"href":"https:\/\/www.munkavedelem-elelmiszeresital.hu\/index.php\/wp-json\/wp\/v2\/pages\/30","targetHints":{"allow":["GET"]}}],"collection":[{"href":"https:\/\/www.munkavedelem-elelmiszeresital.hu\/index.php\/wp-json\/wp\/v2\/pages"}],"about":[{"href":"https:\/\/www.munkavedelem-elelmiszeresital.hu\/index.php\/wp-json\/wp\/v2\/types\/page"}],"author":[{"embeddable":true,"href":"https:\/\/www.munkavedelem-elelmiszeresital.hu\/index.php\/wp-json\/wp\/v2\/users\/1"}],"replies":[{"embeddable":true,"href":"https:\/\/www.munkavedelem-elelmiszeresital.hu\/index.php\/wp-json\/wp\/v2\/comments?post=30"}],"version-history":[{"count":2,"href":"https:\/\/www.munkavedelem-elelmiszeresital.hu\/index.php\/wp-json\/wp\/v2\/pages\/30\/revisions"}],"predecessor-version":[{"id":197,"href":"https:\/\/www.munkavedelem-elelmiszeresital.hu\/index.php\/wp-json\/wp\/v2\/pages\/30\/revisions\/197"}],"wp:attachment":[{"href":"https:\/\/www.munkavedelem-elelmiszeresital.hu\/index.php\/wp-json\/wp\/v2\/media?parent=30"}],"curies":[{"name":"wp","href":"https:\/\/api.w.org\/{rel}","templated":true}]}}