{"id":28,"date":"2019-10-15T13:47:40","date_gmt":"2019-10-15T13:47:40","guid":{"rendered":"http:\/\/www.munkavedelem-elelmiszeresital.hu\/?page_id=28"},"modified":"2020-01-18T19:59:16","modified_gmt":"2020-01-18T19:59:16","slug":"munkavedelmi-kepviselok-reszere-2","status":"publish","type":"page","link":"https:\/\/www.munkavedelem-elelmiszeresital.hu\/index.php\/munkavedelmi-kepviselok-reszere-2\/","title":{"rendered":"Munkav\u00e9delmi k\u00e9pvisel\u0151k r\u00e9sz\u00e9re"},"content":{"rendered":"<p><span style=\"color: #000000;\"><strong>K\u00e9rj\u00fck adja meg e-mail c\u00edm\u00e9t, amire a rendszer a kit\u00f6lt\u00e9s v\u00e9gezt\u00e9vel elk\u00fcldi \u00d6nnek az eredm\u00e9ny\u00e9t!<\/strong><\/span><\/p>\n<p><span style=\"color: #000000;\">El\u00e9rhet\u0151 maxim\u00e1lis pontsz\u00e1m: 25 pont<\/span><br \/><span style=\"color: #000000;\">A \u201cmegfelelt\u201d szinthez sz\u00fcks\u00e9ges pontsz\u00e1m: 21 pont<\/span><\/p>\n\n<div id=\"watu_quiz\" class=\"quiz-area single-page-quiz\">\n<form action=\"\" method=\"post\" class=\"quiz-form \" id=\"quiz-4\" >\n\t<p class=\"watu_taker_email\">Please enter your email: <input type=\"text\" name=\"watu_taker_email\" id=\"watuTakerEmail\"><\/p>\n<div class='watu-question' id='question-1'><div class='question-content'><p><span class='watu_num'>1. <\/span><strong>Melyik munkahelyeken kell a munk\u00e1ltat\u00f3nak biztos\u00edtani a munkav\u00e9delmi k\u00e9pvisel\u0151 v\u00e1laszt\u00e1s\u00a0lehet\u0151s\u00e9g\u00e9t? (3 pont)<\/strong><\/p>\n<\/div><input type='hidden' name='question_id[]' value='24' \/><div class='watu-questions-wrap '><input type='hidden' name='answer_ids[]' class='watu-answer-ids' value='68' \/><div class='watu-question-choice'><input type='radio' name='answer-24[]' id='answer-id-68' class='answer answer-1  answerof-24' value='68' \/>&nbsp;<label for='answer-id-68' id='answer-label-68' class=' answer label-1'><span class='answer'>a) A legal\u00e1bb 50 f\u0151 munkav\u00e1llal\u00f3t foglalkoztat\u00f3 munk\u00e1ltat\u00f3k munkahelyein kell ilyen v\u00e1laszt\u00e1st tartani.<\/span><\/label><\/div>\n<input type='hidden' name='answer_ids[]' class='watu-answer-ids' value='69' \/><div class='watu-question-choice'><input type='radio' name='answer-24[]' id='answer-id-69' class='answer answer-1  answerof-24' value='69' \/>&nbsp;<label for='answer-id-69' id='answer-label-69' class=' answer label-1'><span class='answer'>b) A legal\u00e1bb 20 f\u0151 munkav\u00e1llal\u00f3t foglalkoztat\u00f3 munk\u00e1ltat\u00f3k munkahelyein kell ilyen v\u00e1laszt\u00e1st tartani.<\/span><\/label><\/div>\n<input type='hidden' name='answer_ids[]' class='watu-answer-ids' value='70' \/><div class='watu-question-choice'><input type='radio' name='answer-24[]' id='answer-id-70' class='answer answer-1  answerof-24' value='70' \/>&nbsp;<label for='answer-id-70' id='answer-label-70' class=' answer label-1'><span class='answer'>c) A legfeljebb 20 f\u0151 munkav\u00e1llal\u00f3t foglalkoztat\u00f3 munk\u00e1ltat\u00f3k munkahelyein kell ilyen v\u00e1laszt\u00e1st tartani.<\/span><\/label><\/div>\n<\/div><input type='hidden' id='questionType1' value='radio' class='required'><\/div><div class='watu-question' id='question-2'><div class='question-content'><p><span class='watu_num'>2. <\/span><strong>A munkav\u00e9delmi k\u00e9pvisel\u0151 a Mvt-ben meghat\u00e1rozott jog\u00e1nak gyakorl\u00e1sa keret\u00e9ben\u2026 Fejezze\u00a0be a mondatot! (3 pont)<\/strong><\/p>\n<\/div><input type='hidden' name='question_id[]' value='25' \/><div class='watu-questions-wrap '><input type='hidden' name='answer_ids[]' class='watu-answer-ids' value='71' \/><div class='watu-question-choice'><input type='radio' name='answer-25[]' id='answer-id-71' class='answer answer-2  answerof-25' value='71' \/>&nbsp;<label for='answer-id-71' id='answer-label-71' class=' answer label-2'><span class='answer'>a) m\u0171k\u00f6d\u00e9si ter\u00fclet\u00e9n a munkahelyekre munkaid\u0151ben bel\u00e9phet, t\u00e1j\u00e9koz\u00f3dhat az ott dolgoz\u00f3 munkav\u00e1llal\u00f3kt\u00f3l.<\/span><\/label><\/div>\n<input type='hidden' name='answer_ids[]' class='watu-answer-ids' value='72' \/><div class='watu-question-choice'><input type='radio' name='answer-25[]' id='answer-id-72' class='answer answer-2  answerof-25' value='72' \/>&nbsp;<label for='answer-id-72' id='answer-label-72' class=' answer label-2'><span class='answer'>b) a munkav\u00e1llal\u00f3kat \u00e9rint\u0151 munkav\u00e9delmi k\u00e9rd\u00e9seket egyszem\u00e9lyben b\u00edr\u00e1lhatja el.<\/span><\/label><\/div>\n<input type='hidden' name='answer_ids[]' class='watu-answer-ids' value='73' \/><div class='watu-question-choice'><input type='radio' name='answer-25[]' id='answer-id-73' class='answer answer-2  answerof-25' value='73' \/>&nbsp;<label for='answer-id-73' id='answer-label-73' class=' answer label-2'><span class='answer'>c) meghat\u00e1rozhatja \u00e9s beszerezheti a munkav\u00e1llal\u00f3k r\u00e9sz\u00e9re a munkav\u00e9gz\u00e9shez sz\u00fcks\u00e9ges egy\u00e9ni v\u00e9d\u0151felszerel\u00e9seket.<\/span><\/label><\/div>\n<\/div><input type='hidden' id='questionType2' value='radio' class='required'><\/div><div class='watu-question' id='question-3'><div class='question-content'><p><span class='watu_num'>3. <\/span><strong>Milyen felt\u00e9telek \u00e9s eszk\u00f6z\u00f6k biztos\u00edt\u00e1sa mellet dolgozhatnak a munkav\u00e1llal\u00f3k t\u00falzottan\u00a0hideg munkak\u00f6rnyezetben? (2 pont)<\/strong><\/p>\n<\/div><input type='hidden' name='question_id[]' value='26' \/><div class='watu-questions-wrap '><input type='hidden' name='answer_ids[]' class='watu-answer-ids' value='74' \/><div class='watu-question-choice'><input type='radio' name='answer-26[]' id='answer-id-74' class='answer answer-3  answerof-26' value='74' \/>&nbsp;<label for='answer-id-74' id='answer-label-74' class=' answer label-3'><span class='answer'>a) Hideg ellen v\u00e9delmet ny\u00fajt\u00f3 ruh\u00e1zatot \u00e9s meleged\u00e9si lehet\u0151s\u00e9get kell a munkav\u00e1llal\u00f3k r\u00e9sz\u00e9re biztos\u00edtani, \u00f3r\u00e1nk\u00e9nti 10 perces sz\u00fcnetek beiktat\u00e1s\u00e1val.<\/span><\/label><\/div>\n<input type='hidden' name='answer_ids[]' class='watu-answer-ids' value='75' \/><div class='watu-question-choice'><input type='radio' name='answer-26[]' id='answer-id-75' class='answer answer-3  answerof-26' value='75' \/>&nbsp;<label for='answer-id-75' id='answer-label-75' class=' answer label-3'><span class='answer'>b) Hideg ellen v\u00e9delmet ny\u00fajt\u00f3 ruh\u00e1zatot, meleged\u00e9si lehet\u0151s\u00e9get, 50 \u2070C h\u0151m\u00e9rs\u00e9klet\u0171 te\u00e1t \u00e9s \u00f3r\u00e1nk\u00e9nti minimum 5, legfeljebb 10 perces munkak\u00f6zi sz\u00fcneteket kell biztos\u00edtani a r\u00e9sz\u00fckre.<\/span><\/label><\/div>\n<input type='hidden' name='answer_ids[]' class='watu-answer-ids' value='76' \/><div class='watu-question-choice'><input type='radio' name='answer-26[]' id='answer-id-76' class='answer answer-3  answerof-26' value='76' \/>&nbsp;<label for='answer-id-76' id='answer-label-76' class=' answer label-3'><span class='answer'>c) Hideg ellen v\u00e9delmet ny\u00fajt\u00f3 ruh\u00e1zatot \u00e9s meleg v\u00e9d\u0151italt kell a munkav\u00e1llal\u00f3k r\u00e9sz\u00e9re biztos\u00edtani.<\/span><\/label><\/div>\n<\/div><input type='hidden' id='questionType3' value='radio' class='required'><\/div><div class='watu-question' id='question-4'><div class='question-content'><p><span class='watu_num'>4. <\/span><strong>Milyen esetben kell munkabaleseti jegyz\u0151k\u00f6nyvben r\u00f6gz\u00edteni a munkahelyi balesetet?\u00a0(2 pont)<\/strong><\/p>\n<\/div><input type='hidden' name='question_id[]' value='27' \/><div class='watu-questions-wrap '><input type='hidden' name='answer_ids[]' class='watu-answer-ids' value='77' \/><div class='watu-question-choice'><input type='radio' name='answer-27[]' id='answer-id-77' class='answer answer-4  answerof-27' value='77' \/>&nbsp;<label for='answer-id-77' id='answer-label-77' class=' answer label-4'><span class='answer'>a) Minden munkabalesetet munkabaleseti jegyz\u0151k\u00f6nyvben kell r\u00f6gz\u00edteni.<\/span><\/label><\/div>\n<input type='hidden' name='answer_ids[]' class='watu-answer-ids' value='78' \/><div class='watu-question-choice'><input type='radio' name='answer-27[]' id='answer-id-78' class='answer answer-4  answerof-27' value='78' \/>&nbsp;<label for='answer-id-78' id='answer-label-78' class=' answer label-4'><span class='answer'>b) A legal\u00e1bb 3 nap munkak\u00e9ptelens\u00e9get eredm\u00e9nyez\u0151 \u00e9s a hal\u00e1los kimenetel\u0171 munkabaleseteket kell munkabaleseti jegyz\u0151k\u00f6nyvben r\u00f6gz\u00edteni.<\/span><\/label><\/div>\n<input type='hidden' name='answer_ids[]' class='watu-answer-ids' value='79' \/><div class='watu-question-choice'><input type='radio' name='answer-27[]' id='answer-id-79' class='answer answer-4  answerof-27' value='79' \/>&nbsp;<label for='answer-id-79' id='answer-label-79' class=' answer label-4'><span class='answer'>c) Csak a s\u00falyos s\u00e9r\u00fcl\u00e9st okoz\u00f3 \u00e9s a hal\u00e1los kimenetel\u0171 munkahelyi balesetek kell munkabaleseti jegyz\u0151k\u00f6nyvben r\u00f6gz\u00edteni.<\/span><\/label><\/div>\n<\/div><input type='hidden' id='questionType4' value='radio' class='required'><\/div><div class='watu-question' id='question-5'><div class='question-content'><p><span class='watu_num'>5. <\/span><strong>Ki vizsg\u00e1lhat ki munkahelyi balesetet \u00e9s t\u00f6lthet ki munkabaleseti jegyz\u0151k\u00f6nyvet? (2 pont)<\/strong><\/p>\n<\/div><input type='hidden' name='question_id[]' value='28' \/><div class='watu-questions-wrap '><input type='hidden' name='answer_ids[]' class='watu-answer-ids' value='80' \/><div class='watu-question-choice'><input type='radio' name='answer-28[]' id='answer-id-80' class='answer answer-5  answerof-28' value='80' \/>&nbsp;<label for='answer-id-80' id='answer-label-80' class=' answer label-5'><span class='answer'>a) A munkav\u00e9delmi k\u00e9pvisel\u0151.<\/span><\/label><\/div>\n<input type='hidden' name='answer_ids[]' class='watu-answer-ids' value='81' \/><div class='watu-question-choice'><input type='radio' name='answer-28[]' id='answer-id-81' class='answer answer-5  answerof-28' value='81' \/>&nbsp;<label for='answer-id-81' id='answer-label-81' class=' answer label-5'><span class='answer'>b) A munk\u00e1ltat\u00f3 \u00e1ltal megb\u00edzott munkav\u00e1llal\u00f3.<\/span><\/label><\/div>\n<input type='hidden' name='answer_ids[]' class='watu-answer-ids' value='82' \/><div class='watu-question-choice'><input type='radio' name='answer-28[]' id='answer-id-82' class='answer answer-5  answerof-28' value='82' \/>&nbsp;<label for='answer-id-82' id='answer-label-82' class=' answer label-5'><span class='answer'>c) Kiz\u00e1r\u00f3lag munkav\u00e9delmi szakv\u00e9gzetts\u00e9ggel rendelkez\u0151 szem\u00e9ly vizsg\u00e1lhat ki munkahelyi balesetet \u00e9s vehet fel munkabaleseti jegyz\u0151k\u00f6nyvet.<\/span><\/label><\/div>\n<\/div><input type='hidden' id='questionType5' value='radio' class='required'><\/div><div class='watu-question' id='question-6'><div class='question-content'><p><span class='watu_num'>6. <\/span><strong>Milyen esetben nem kell nemenk\u00e9nt elk\u00fcl\u00f6n\u00edtett \u00f6lt\u00f6z\u00e9si lehet\u0151s\u00e9get biztos\u00edtani a\u00a0munkav\u00e1llal\u00f3k r\u00e9sz\u00e9re? (3 pont)<\/strong><\/p>\n<\/div><input type='hidden' name='question_id[]' value='29' \/><div class='watu-questions-wrap '><input type='hidden' name='answer_ids[]' class='watu-answer-ids' value='83' \/><div class='watu-question-choice'><input type='radio' name='answer-29[]' id='answer-id-83' class='answer answer-6  answerof-29' value='83' \/>&nbsp;<label for='answer-id-83' id='answer-label-83' class=' answer label-6'><span class='answer'>a) Amennyiben a munkav\u00e1llal\u00f3k azt nem ig\u00e9nylik.<\/span><\/label><\/div>\n<input type='hidden' name='answer_ids[]' class='watu-answer-ids' value='84' \/><div class='watu-question-choice'><input type='radio' name='answer-29[]' id='answer-id-84' class='answer answer-6  answerof-29' value='84' \/>&nbsp;<label for='answer-id-84' id='answer-label-84' class=' answer label-6'><span class='answer'>b) Ha csak jelent\u0151s anyagi r\u00e1ford\u00edt\u00e1ssal lehetne nemenk\u00e9nt elk\u00fcl\u00f6n\u00edtett \u00f6lt\u00f6z\u00e9si lehet\u0151s\u00e9get biztos\u00edtani a munkav\u00e1llal\u00f3k r\u00e9sz\u00e9re.<\/span><\/label><\/div>\n<input type='hidden' name='answer_ids[]' class='watu-answer-ids' value='85' \/><div class='watu-question-choice'><input type='radio' name='answer-29[]' id='answer-id-85' class='answer answer-6  answerof-29' value='85' \/>&nbsp;<label for='answer-id-85' id='answer-label-85' class=' answer label-6'><span class='answer'>c) Ha a munkav\u00e1llal\u00f3i \u00f6sszl\u00e9tsz\u00e1m nem haladja meg a 10 f\u0151t \u00e9s a nemenk\u00e9nt elk\u00fcl\u00f6n\u00edtett haszn\u00e1lat megoldhat\u00f3.<\/span><\/label><\/div>\n<\/div><input type='hidden' id='questionType6' value='radio' class='required'><\/div><div class='watu-question' id='question-7'><div class='question-content'><p><span class='watu_num'>7. <\/span><strong>Mely g\u00e9pek, berendez\u00e9sek tekintet\u00e9ben kell elektromos fel\u00fclvizsg\u00e1latot v\u00e9gezni? (3 pont)<\/strong><\/p>\n<\/div><input type='hidden' name='question_id[]' value='30' \/><div class='watu-questions-wrap '><input type='hidden' name='answer_ids[]' class='watu-answer-ids' value='86' \/><div class='watu-question-choice'><input type='radio' name='answer-30[]' id='answer-id-86' class='answer answer-7  answerof-30' value='86' \/>&nbsp;<label for='answer-id-86' id='answer-label-86' class=' answer label-7'><span class='answer'>a) Minden g\u00e9p \u00e9s berendez\u00e9s tekintet\u00e9ben.<\/span><\/label><\/div>\n<input type='hidden' name='answer_ids[]' class='watu-answer-ids' value='87' \/><div class='watu-question-choice'><input type='radio' name='answer-30[]' id='answer-id-87' class='answer answer-7  answerof-30' value='87' \/>&nbsp;<label for='answer-id-87' id='answer-label-87' class=' answer label-7'><span class='answer'>b) A Mvt. v\u00e9grehajt\u00e1si rendelet\u00e9nek mell\u00e9klet\u00e9ben felsorolt vesz\u00e9lyes g\u00e9pek tekintet\u00e9ben, \u00e9s vesz\u00e9lyesnek nem min\u0151s\u00fcl\u0151 munkaeszk\u00f6z\u00f6k tekintet\u00e9ben, ha annak biztons\u00e1ga f\u00fcgghet a szerel\u00e9s k\u00f6r\u00fclm\u00e9nyeit\u0151l. Az ellen\u0151rz\u00e9st, minden \u00faj telephelyre vagy munkahelyre t\u00f6rt\u00e9n\u0151 \u00e1tmozgat\u00e1st \u00e9s szerel\u00e9st k\u00f6vet\u0151en el kell v\u00e9gezni.<\/span><\/label><\/div>\n<input type='hidden' name='answer_ids[]' class='watu-answer-ids' value='88' \/><div class='watu-question-choice'><input type='radio' name='answer-30[]' id='answer-id-88' class='answer answer-7  answerof-30' value='88' \/>&nbsp;<label for='answer-id-88' id='answer-label-88' class=' answer label-7'><span class='answer'>c) Nem kell ilyen fel\u00fclvizsg\u00e1latot v\u00e9gezni, hiszen a gy\u00e1rt\u00f3 vagy a forgalmaz\u00f3 megfelel\u0151s\u00e9gi nyilatkozatot tesz a g\u00e9p, berendez\u00e9s biztons\u00e1gos m\u0171k\u00f6dtethet\u0151s\u00e9g\u00e9re vonatkoz\u00f3an.<\/span><\/label><\/div>\n<\/div><input type='hidden' id='questionType7' value='radio' class='required'><\/div><div class='watu-question' id='question-8'><div class='question-content'><p><span class='watu_num'>8. <\/span><strong>Mely munk\u00e1ltat\u00f3i tan\u00e1cskoz\u00e1sokon \u00e9s megbesz\u00e9l\u00e9seken vehet r\u00e9szt a munkav\u00e9delmi\u00a0k\u00e9pvisel\u0151? (2 pont)<\/strong><\/p>\n<\/div><input type='hidden' name='question_id[]' value='31' \/><div class='watu-questions-wrap '><input type='hidden' name='answer_ids[]' class='watu-answer-ids' value='89' \/><div class='watu-question-choice'><input type='radio' name='answer-31[]' id='answer-id-89' class='answer answer-8  answerof-31' value='89' \/>&nbsp;<label for='answer-id-89' id='answer-label-89' class=' answer label-8'><span class='answer'>a) Minden olyan munk\u00e1ltat\u00f3i megbesz\u00e9l\u00e9sre, melyen a munkav\u00e1llal\u00f3kat munkav\u00e9delmi szempontb\u00f3l \u00e9rint\u0151 k\u00e9rd\u00e9sekben hoznak d\u00f6nt\u00e9st.<\/span><\/label><\/div>\n<input type='hidden' name='answer_ids[]' class='watu-answer-ids' value='90' \/><div class='watu-question-choice'><input type='radio' name='answer-31[]' id='answer-id-90' class='answer answer-8  answerof-31' value='90' \/>&nbsp;<label for='answer-id-90' id='answer-label-90' class=' answer label-8'><span class='answer'>b) Semmilyen tan\u00e1cskoz\u00e1sokon vagy megbesz\u00e9l\u00e9sen nem jogosult r\u00e9szt venni.<\/span><\/label><\/div>\n<input type='hidden' name='answer_ids[]' class='watu-answer-ids' value='91' \/><div class='watu-question-choice'><input type='radio' name='answer-31[]' id='answer-id-91' class='answer answer-8  answerof-31' value='91' \/>&nbsp;<label for='answer-id-91' id='answer-label-91' class=' answer label-8'><span class='answer'>c) Azokon a tan\u00e1cskoz\u00e1sokon \u00e9s megbesz\u00e9l\u00e9seken, amelyeken a r\u00e9szv\u00e9telre a munk\u00e1ltat\u00f3ja felk\u00e9rte.<\/span><\/label><\/div>\n<\/div><input type='hidden' id='questionType8' value='radio' class='required'><\/div><div class='watu-question' id='question-9'><div class='question-content'><p><span class='watu_num'>9. <\/span><strong>Munkav\u00e9delmi k\u00e9pvisel\u0151k\u00e9nt, a munkahelyen v\u00e9gzett ellen\u0151rz\u00e9s sor\u00e1n azt tapasztalja, hogy\u00a0az egyik munkahelyen a munkav\u00e1llal\u00f3k nincsenek megfelel\u0151 egy\u00e9ni v\u00e9d\u0151felszerel\u00e9ssel\u00a0ell\u00e1tva. Mit tesz \u00d6n ebben az esetben? (3\u00a0pont)<\/strong><\/p>\n<\/div><input type='hidden' name='question_id[]' value='32' \/><div class='watu-questions-wrap '><input type='hidden' name='answer_ids[]' class='watu-answer-ids' value='92' \/><div class='watu-question-choice'><input type='radio' name='answer-32[]' id='answer-id-92' class='answer answer-9  answerof-32' value='92' \/>&nbsp;<label for='answer-id-92' id='answer-label-92' class=' answer label-9'><span class='answer'>a) Halad\u00e9ktalanul bejelent\u00e9st teszek a munkav\u00e9delmi hat\u00f3s\u00e1g fel\u00e9 a munk\u00e1ltat\u00f3 jogs\u00e9rt\u00e9se miatt.<\/span><\/label><\/div>\n<input type='hidden' name='answer_ids[]' class='watu-answer-ids' value='93' \/><div class='watu-question-choice'><input type='radio' name='answer-32[]' id='answer-id-93' class='answer answer-9  answerof-32' value='93' \/>&nbsp;<label for='answer-id-93' id='answer-label-93' class=' answer label-9'><span class='answer'>b) T\u00e1j\u00e9koztatom a munk\u00e1ltat\u00f3t a jogszab\u00e1lys\u00e9rt\u00e9sr\u0151l \u00e9s k\u00e9rem az egy\u00e9ni v\u00e9d\u0151eszk\u00f6z\u00f6k juttat\u00e1si rendj\u00e9nek fel\u00fclvizsg\u00e1lat\u00e1t az \u00e9rintett munkak\u00f6rre vagy munkafolyamatra vonatkoz\u00f3an, illet\u0151leg javaslatot teszek a megfelel\u0151 egy\u00e9ni v\u00e9d\u0151felszerel\u00e9s t\u00edpus\u00e1ra vonatkoz\u00f3an.<\/span><\/label><\/div>\n<input type='hidden' name='answer_ids[]' class='watu-answer-ids' value='94' \/><div class='watu-question-choice'><input type='radio' name='answer-32[]' id='answer-id-94' class='answer answer-9  answerof-32' value='94' \/>&nbsp;<label for='answer-id-94' id='answer-label-94' class=' answer label-9'><span class='answer'>c) Nem teszek semmit, mert \u00fagy sem \u00e9rdekli a munk\u00e1ltat\u00f3t, hogy mit mondok.<\/span><\/label><\/div>\n<\/div><input type='hidden' id='questionType9' value='radio' class='required'><\/div><div class='watu-question' id='question-10'><div class='question-content'><p><span class='watu_num'>10. <\/span><strong>Munkav\u00e9delmi k\u00e9pvisel\u0151k\u00e9nt azt tapasztalja, hogy a technol\u00f3gi\u00e1ban haszn\u00e1lt vesz\u00e9lyes\u00a0anyagok biztons\u00e1gi adatlapjai nem \u00e1llnak a munkav\u00e1llal\u00f3k rendelkez\u00e9s\u00e9re. Mit tesz ebben az\u00a0esetben? (2 pont)<\/strong><\/p>\n<\/div><input type='hidden' name='question_id[]' value='33' \/><div class='watu-questions-wrap '><input type='hidden' name='answer_ids[]' class='watu-answer-ids' value='95' \/><div class='watu-question-choice'><input type='radio' name='answer-33[]' id='answer-id-95' class='answer answer-10  answerof-33' value='95' \/>&nbsp;<label for='answer-id-95' id='answer-label-95' class=' answer label-10'><span class='answer'>a) Nem teszek semmit, mert a munkav\u00e1llal\u00f3k m\u00e1r t\u00f6k\u00e9letesen ismerik ezeket az anyagokat, semmi sz\u00fcks\u00e9g egy felesleges dokumentumra.<\/span><\/label><\/div>\n<input type='hidden' name='answer_ids[]' class='watu-answer-ids' value='96' \/><div class='watu-question-choice'><input type='radio' name='answer-33[]' id='answer-id-96' class='answer answer-10  answerof-33' value='96' \/>&nbsp;<label for='answer-id-96' id='answer-label-96' class=' answer label-10'><span class='answer'>b) T\u00e1j\u00e9koztatom a munk\u00e1ltat\u00f3t, hogy a jogszab\u00e1lyi el\u0151\u00edr\u00e1sok \u00e9rtelm\u00e9ben a munkav\u00e9gz\u00e9s sor\u00e1n felhaszn\u00e1lt vegyi anyagok biztons\u00e1gi adatlapj\u00e1t, minden a felhaszn\u00e1l\u00e1st, t\u00e1rol\u00e1st \u00e9s kezel\u00e9st v\u00e9gz\u0151 munkav\u00e1llal\u00f3 r\u00e9sz\u00e9re hozz\u00e1f\u00e9rhet\u0151 m\u00f3don k\u00f6teles biztos\u00edtani.<\/span><\/label><\/div>\n<input type='hidden' name='answer_ids[]' class='watu-answer-ids' value='97' \/><div class='watu-question-choice'><input type='radio' name='answer-33[]' id='answer-id-97' class='answer answer-10  answerof-33' value='97' \/>&nbsp;<label for='answer-id-97' id='answer-label-97' class=' answer label-10'><span class='answer'>c) Azonnal bejelent\u00e9st teszek a munkav\u00e9delmi hat\u00f3s\u00e1g fel\u00e9 a jogszab\u00e1lys\u00e9rt\u00e9s ok\u00e1n.<\/span><\/label><\/div>\n<\/div><input type='hidden' id='questionType10' value='radio' class='required'><\/div><div style='display:none' id='question-11'><br \/><div class='question-content'><img loading=\"lazy\" decoding=\"async\" src=\"https:\/\/www.munkavedelem-elelmiszeresital.hu\/wp-content\/plugins\/watu\/loading.gif\" width=\"16\" height=\"16\" alt=\"Loading ...\" title=\"Loading ...\" \/>&nbsp;Loading &#8230;<\/div><\/div><br \/>\n<input type=\"button\" name=\"action\" onclick=\"Watu.submitResult()\" id=\"action-button\" value=\"Befejez\u00e9s\"  class=\"watu-submit-button\" \/>\n<input type=\"hidden\" name=\"no_ajax\" value=\"0\"><input type=\"hidden\" name=\"quiz_id\" value=\"4\" \/>\n<input type=\"hidden\" id=\"watuStartTime\" name=\"start_time\" value=\"2026-05-14 12:47:39\" \/>\n<\/form>\n<\/div>\n<div id=\"watu-loading-result\" style=\"display:none;\">\n\t<p align=\"center\"><img loading=\"lazy\" decoding=\"async\" src=\"https:\/\/www.munkavedelem-elelmiszeresital.hu\/wp-content\/plugins\/watu\/loading.gif\" width=\"16\" height=\"16\" alt=\"Loading\" title=\"Loading\" \/><\/p>\n<\/div>\t\n<script type=\"text\/javascript\">\nvar exam_id=0;\nvar question_ids='';\nvar watuURL='';\njQuery(function($){\nquestion_ids = \"24,25,26,27,28,29,30,31,32,33\";\nexam_id = 4;\nWatu.exam_id = exam_id;\nWatu.qArr = question_ids.split(',');\nWatu.post_id = 28;\nWatu.singlePage = '1';\nWatu.hAppID = \"0.83144700 1778762859\";\nwatuURL = \"https:\/\/www.munkavedelem-elelmiszeresital.hu\/wp-admin\/admin-ajax.php\";\nWatu.noAlertUnanswered = 0;\n});\n<\/script>\n","protected":false},"excerpt":{"rendered":"<p>K\u00e9rj\u00fck adja meg e-mail c\u00edm\u00e9t, amire a rendszer a kit\u00f6lt\u00e9s v\u00e9gezt\u00e9vel elk\u00fcldi \u00d6nnek az eredm\u00e9ny\u00e9t! El\u00e9rhet\u0151 maxim\u00e1lis pontsz\u00e1m: 25 pontA \u201cmegfelelt\u201d szinthez sz\u00fcks\u00e9ges pontsz\u00e1m: 21 pont<\/p>\n","protected":false},"author":1,"featured_media":0,"parent":0,"menu_order":0,"comment_status":"closed","ping_status":"closed","template":"","meta":{"footnotes":""},"class_list":["post-28","page","type-page","status-publish","hentry"],"_links":{"self":[{"href":"https:\/\/www.munkavedelem-elelmiszeresital.hu\/index.php\/wp-json\/wp\/v2\/pages\/28","targetHints":{"allow":["GET"]}}],"collection":[{"href":"https:\/\/www.munkavedelem-elelmiszeresital.hu\/index.php\/wp-json\/wp\/v2\/pages"}],"about":[{"href":"https:\/\/www.munkavedelem-elelmiszeresital.hu\/index.php\/wp-json\/wp\/v2\/types\/page"}],"author":[{"embeddable":true,"href":"https:\/\/www.munkavedelem-elelmiszeresital.hu\/index.php\/wp-json\/wp\/v2\/users\/1"}],"replies":[{"embeddable":true,"href":"https:\/\/www.munkavedelem-elelmiszeresital.hu\/index.php\/wp-json\/wp\/v2\/comments?post=28"}],"version-history":[{"count":2,"href":"https:\/\/www.munkavedelem-elelmiszeresital.hu\/index.php\/wp-json\/wp\/v2\/pages\/28\/revisions"}],"predecessor-version":[{"id":153,"href":"https:\/\/www.munkavedelem-elelmiszeresital.hu\/index.php\/wp-json\/wp\/v2\/pages\/28\/revisions\/153"}],"wp:attachment":[{"href":"https:\/\/www.munkavedelem-elelmiszeresital.hu\/index.php\/wp-json\/wp\/v2\/media?parent=28"}],"curies":[{"name":"wp","href":"https:\/\/api.w.org\/{rel}","templated":true}]}}